. What are the prime factors of b?
2, 3, 5
Let q = -101 + 157. List the prime factors of q.
2, 7
Let n(a) = 88*a**2 + a + 2. Let r be n(2). List the prime factors of (-2)/(r/(-116) + 3).
29
Suppose -5*t - 36 = 4*n - 5, 14 = 2*t - 5*n. Let b(q) = -q. List the prime factors of b(t).
3
Let c = 23 - 18. Let g = 42 - c. List the prime factors of g.
37
Let g = -10 - -12. List the prime factors of 3 + g + (1 - 3).
3
Let w(s) = s**3 - 5*s**2 + 5*s + 3. Let v be w(4). Let m = v - 6. What are the prime factors of (32*1)/2*m?
2
Let x(n) = -n - 11. Let j be x(-10). Let i be (-6)/18*(-8 + j). Suppose 21 + 3 = i*o. What are the prime factors of o?
2
Let i(r) = -r**3 + r**2 + r - 1. Let b(n) = -5*n**3 + 11*n**2 - 3*n - 9. Let p(o) = -b(o) + 4*i(o). What are the prime factors of p(6)?
11
Let t(s) = -2*s**2 - 21*s - 21. Let y(q) = -q**2 - 11*q - 11. Let n(b) = 3*t(b) - 5*y(b). Let v be n(-7). What are the prime factors of (8 - 3/(-3)) + v?
2
Let l(h) = h**2 + 3*h - 5. Suppose 4*y + 4*s + 48 = 0, 3*s = 3*y + 3 + 15. What are the prime factors of l(y)?
7
Let b = -14 + 7. List the prime factors of 84/8*(-12)/b.
2, 3
Let a(w) be the first derivative of -2 - w - 13/2*w**2. What are the prime factors of a(-1)?
2, 3
Let t = 341 + -224. List the prime factors of t.
3, 13
Suppose 0 = -3*j + 71 + 283. What are the prime factors of j?
2, 59
Let d = -14 + 17. Suppose 11 = d*m - 1. List the prime factors of m.
2
Suppose -2*d - 4*f = 14, -5*f - 17 = 2*d + 1. Let s be 2*(2 - d/(-2)). Suppose -5*y = -5*r + 65, -s*y + 0 = r - 1. What are the prime factors of r?
11
Let m = 4 - 1. Let u = -1 + 3. Suppose -m = -a + u. What are the prime factors of a?
5
Let v(n) = -7*n**3 + 2*n**2 - 7*n - 2. What are the prime factors of v(-3)?
2, 113
Suppose -3*a + 0*q + 4*q + 17 = 0, -5*q = 5*a + 30. Let i(c) = -c**2 - 2*c - 1. Let b be i(a). Let j(x) = x + 8. List the prime factors of j(b).
2
Suppose -60 = -6*m + 48. List the prime factors of m.
2, 3
Suppose -3*i = 6, 3*m + 2*i = -i + 75. Suppose 10 = 3*t - 0*u + 2*u, u = -1. Suppose -t*y + m = -z, 3*y - 31 = y - 3*z. What are the prime factors of y?
2
Suppose -r = -5*v + 17, 2*r - 3*v = -v - 2. Suppose -3*u - 2*i + 184 = u, -4*u + 196 = -i. Suppose r*a + a - u = 0. List the prime factors of a.
2, 3
Let o(j) = j**3 - 2*j**2 - 7*j + 5. Let n = -20 - -13. Let b = n + 11. What are the prime factors of o(b)?
3
Let g = 125 - -209. What are the prime factors of g?
2, 167
Let a = -1 + -1. Let f be (-19)/(-5) - a/10. Suppose 0*z = -f*z + 36. What are the prime factors of z?
3
Let v(b) = -b. Let h be v(-3). Suppose 0*r - r = 5*c - 1, -53 = -h*r - 5*c. List the prime factors of r.
2, 13
Let j(h) = -h**2 - h + 1. Let r be j(-1). Let u(s) be the first derivative of 15*s**4/4 - s**2 + s + 1. List the prime factors of u(r).
2, 7
Let q be (-6)/(-18)*(8 + 1). What are the prime factors of q*(-3 - 58/(-6))?
2, 5
Let i(y) = y**3 + 11*y**2 + y + 7. Let c be i(-11). Let v(k) = 3*k**2 + 8*k - 4. List the prime factors of v(c).
2, 3
List the prime factors of (36/16)/(((-5)/96)/(-5)).
2, 3
Let s = 140 + -77. Suppose -3*j = 5*z - s, 5*z = 2*j + 9*z - 42. List the prime factors of j.
3, 7
Let l = -39 - -58. What are the prime factors of l?
19
Let j(p) = 0*p**3 - 6 - p**2 + p**3 + 4. Let q be j(2). Suppose 3*c - 7 = -4*t, -q*c = -4*c - 6. List the prime factors of t.
2
Let c(x) = -2*x. Let d be c(-2). Suppose -d*a - 3 + 55 = 0. What are the prime factors of a?
13
Suppose -5*z + 5*k = 2*k - 1789, z - 341 = -5*k. What are the prime factors of z?
2, 89
List the prime factors of (6/(-9) + 1/3)*-174.
2, 29
Let q(y) be the second derivative of -1/6*y**3 + 0 - 3*y + 11/2*y**2. What are the prime factors of q(0)?
11
Let y = 43 + -24. Let a = y - -1. List the prime factors of a.
2, 5
Let b(y) = -y**3 - y**2 + y + 24. Suppose 15 = -5*h, 4*u = -2*h - 10 + 4. What are the prime factors of b(u)?
2, 3
Let v = 63 - 32. What are the prime factors of v?
31
List the prime factors of -3 + -31*(1 - 2).
2, 7
Let g(k) = -k + 105. What are the prime factors of g(-13)?
2, 59
Suppose -3*q + 650 = 2*q. List the prime factors of q.
2, 5, 13
Suppose 5*k + 2*v - 199 = 0, -87 = 4*k - 4*v - 235. Suppose -3*t - 4*a = -k, 51 = 5*t - 0*a + 2*a. What are the prime factors of t?
3
Let g be 0/1*(-8)/16. Let v = 12 + g. What are the prime factors of v?
2, 3
List the prime factors of (-228)/16*(-16)/6.
2, 19
Suppose -2*x = -6*x. Let v = x + 2. Suppose 5*d = -10, -o - v*o - 3*d + 42 = 0. List the prime factors of o.
2
Let s(d) = -4*d + 5. List the prime factors of s(-21).
89
What are the prime factors of 10/(-35) + 37/7?
5
Suppose -2*c + 510 = 4*t, 2*t + 3*c - 258 = -c. List the prime factors of t.
127
What are the prime factors of 4/((3/9)/((-498)/(-36)))?
2, 83
What are the prime factors of 5*(-20)/(-25) - -128?
2, 3, 11
Suppose 0 - 4 = -2*p. What are the prime factors of p/8 + (-318)/(-8)?
2, 5
Let h = 10 + -9. Let s = h + -3. What are the prime factors of (-3)/(-6)*(s - -24)?
11
Let u be 7 + -3 - (4 - 2). Let y(f) = f**2 + 9 - u*f - 2*f + 0*f**2 - 3*f. What are the prime factors of y(6)?
3
List the prime factors of -1 - ((-5398)/19 - 4/(-38)).
283
What are the prime factors of (-3)/(-1) - (0 + 1)?
2
Suppose -2*j = -13 - 27. What are the prime factors of j?
2, 5
Let t(n) = n**3 - 18*n**2 + 21*n - 23. What are the prime factors of t(17)?
3, 5
What are the prime factors of 34/(-4)*(-2 - 2)?
2, 17
Let f(a) = a - 2. Let q be f(8). Suppose -u = -q*u + 10. What are the prime factors of u?
2
Let n = 154 - 59. What are the prime factors of n?
5, 19
Let s(x) = 7*x - 17. Let r(g) = -3*g + 8. Let u(c) = 5*r(c) + 2*s(c). Suppose -12 = 3*f + n, f + 5*n - 20 = 2*f. What are the prime factors of u(f)?
11
Let j = 14 - -28. List the prime factors of j.
2, 3, 7
Let x = -24 + 41. List the prime factors of x.
17
List the prime factors of (30/(-4))/(4/(-8)).
3, 5
Suppose 15*k + 4 = 13*k. List the prime factors of (-8 + 102)*(-1)/k.
47
Let z = 25 - -13. Suppose -5*f - 14 + z = -3*g, 3*g + 12 = 3*f. Let w = f - -9. What are the prime factors of w?
3, 5
Let s(b) = b**3 - 6*b**2 + 3*b + 6. Let l be s(5). Let w = 4 + l. What are the prime factors of (w - (0 - 3)) + 3?
2, 3
Let d = -2 - -4. Suppose -d*l - 3*l = -15. Suppose -l*f = -6 - 3. What are the prime factors of f?
3
Suppose 0*c - 8 = -4*c. Suppose 21 = 5*y + k, -5*y - 3*k = -c*y - 15. Suppose 0 = y*n - 5*v - 56, 4*v = -2*n + 4 - 2. What are the prime factors of n?
3
Suppose o + o = 8. Suppose 0 = w - 2*v - 4, -62 = -0*w - 3*w - o*v. List the prime factors of w.
2, 7
Suppose -155 = -4*o + 757. What are the prime factors of o?
2, 3, 19
Let j = -29 - -37. What are the prime factors of j?
2
Let a(v) = -v**2 - 9*v - 5. Let g be a(-8). Let d be (-9)/(g/(2 - -1)). Let r = 13 + d. List the prime factors of r.
2
Suppose -2*f + 2*x - 5*x = -222, 3*f + 4*x = 333. List the prime factors of f.
3, 37
Let p = 46 - -31. List the prime factors of p.
7, 11
Suppose 1554 = 5*o + 2*z - 422, 4*z = -8. List the prime factors of o.
2, 3, 11
Let l be (-14)/(1 + -1 + -2). Suppose 3*t = -2*u - 11, -4*u = -0*t + t + l. List the prime factors of (3 - u) + (0 - 0).
2
Suppose 0 = -4*q - q + 65. List the prime factors of q.
13
Let c = 223 + 2. List the prime factors of c.
3, 5
Suppose 4*r = -0*r - c + 7, 4*r - 2*c = 22. Suppose -r*a = -88 + 19. What are the prime factors of a?
23
Let x = 11 + -3. Let l = -1 + x. List the prime factors of (0 - -2)*l/2.
7
Let v = 14 - 8. Suppose l = 3*b - 39, v*b = 3*b + 3*l + 39. What are the prime factors of b?
13
Let s(n) = -5*n - 2. List the prime factors of s(-18).
2, 11
Let u = 2 - -1. Suppose -2 = 2*j - u*j. List the prime factors of (9/2)/(j/4).
3
Let d(f) be the second derivative of -f**3/2 + 16*f**2 - 3*f. Let i(a) = a - 11. Let b(j) = 3*d(j) + 8*i(j). List the prime factors of b(0).
2
List the prime factors of (-148)/(-5) - 14/(-35).
2, 3, 5
Suppose 2*p + 4*o = 128, 0 = -4*p + 3*o + 2*o + 230. Let c = 0 + p. Suppose -2*g - 3*g + c = 5*x, -2*x + 2*g + 4 = 0. What are the prime factors of x?
7
Let n = -233 + 415. What are the prime factors of n?
2, 7, 13
Let m be (30/6)/(0 + 1). Suppose 0 = -m*l - 2 + 17. Suppose 2*z = -l*z + 90. List the prime factors of z.
2, 3
Let w(i) = -i**2 - 11*i - 13. Let n be w(-9). Let m = n - -16. What are the prime factors of m?
3, 7